{"id":474,"date":"2024-08-03T15:46:34","date_gmt":"2024-08-03T12:46:34","guid":{"rendered":"https:\/\/odontologijosklinika.eu\/plunge\/plunge\/?page_id=474"},"modified":"2024-08-16T16:10:28","modified_gmt":"2024-08-16T13:10:28","slug":"terapinis-dantu-gydymas","status":"publish","type":"page","link":"https:\/\/odontologijosklinika.eu\/plunge\/paslaugos\/terapinis-dantu-gydymas\/","title":{"rendered":"Terapinis dant\u0173 gydymas"},"content":{"rendered":"\t\t<div data-elementor-type=\"wp-page\" data-elementor-id=\"474\" class=\"elementor elementor-474\">\n\t\t\t\t<div class=\"wd-negative-gap elementor-element elementor-element-86105c9 e-flex e-con-boxed e-con e-parent\" data-id=\"86105c9\" data-element_type=\"container\" data-e-type=\"container\">\n\t\t\t\t\t<div class=\"e-con-inner\">\n\t\t<div class=\"elementor-element elementor-element-77b3bcb e-con-full e-flex e-con e-child\" data-id=\"77b3bcb\" data-element_type=\"container\" data-e-type=\"container\">\n\t\t\t\t<div class=\"elementor-element elementor-element-092fbe3 elementor-widget elementor-widget-image\" data-id=\"092fbe3\" data-element_type=\"widget\" data-e-type=\"widget\" data-widget_type=\"image.default\">\n\t\t\t\t<div class=\"elementor-widget-container\">\n\t\t\t\t\t\t\t\t\t\t\t\t\t\t\t<img fetchpriority=\"high\" decoding=\"async\" width=\"1300\" height=\"867\" src=\"https:\/\/odontologijosklinika.eu\/plunge\/wp-content\/uploads\/2024\/08\/Terapinis-gydymas.jpg\" class=\"attachment-full size-full wp-image-504\" alt=\"IK odontologijos klinika Plung\u0117je\" srcset=\"https:\/\/odontologijosklinika.eu\/plunge\/wp-content\/uploads\/2024\/08\/Terapinis-gydymas.jpg 1300w, https:\/\/odontologijosklinika.eu\/plunge\/wp-content\/uploads\/2024\/08\/Terapinis-gydymas-300x200.jpg 300w, https:\/\/odontologijosklinika.eu\/plunge\/wp-content\/uploads\/2024\/08\/Terapinis-gydymas-1024x683.jpg 1024w, https:\/\/odontologijosklinika.eu\/plunge\/wp-content\/uploads\/2024\/08\/Terapinis-gydymas-768x512.jpg 768w\" sizes=\"(max-width: 1300px) 100vw, 1300px\" title=\"IK odontologijos klinika Plung\u0117je\">\t\t\t\t\t\t\t\t\t\t\t\t\t\t\t<\/div>\n\t\t\t\t<\/div>\n\t\t\t\t<div class=\"elementor-element elementor-element-c020d6a elementor-widget elementor-widget-wd_text_block\" data-id=\"c020d6a\" data-element_type=\"widget\" data-e-type=\"widget\" data-widget_type=\"wd_text_block.default\">\n\t\t\t\t<div class=\"elementor-widget-container\">\n\t\t\t\t\t\t\t\t<link rel=\"stylesheet\" id=\"wd-text-block-css\" href=\"https:\/\/odontologijosklinika.eu\/plunge\/wp-content\/themes\/woodmart\/css\/parts\/el-text-block.min.css?ver=7.5.2\" type=\"text\/css\" media=\"all\" \/> \t\t\t\t\t<div class=\"wd-text-block reset-last-child text-left\">\n\t\t\t\n\t\t\t<p>IK odontologijos klinikoje atliekamas<strong>\u00a0terapinis dant\u0173 gydymas<\/strong>: profilaktin\u0117 dant\u0173 ap\u017ei\u016bra, bendras burnos sveikatos \u012fvertinimas, gydymo plano sudarymas, karieso ir jo komplikacij\u0173 gydymas. \u012evertinus J\u016bs\u0173 dant\u0173 b\u016bkl\u0119, simptomus ir nusta\u010dius diagnoz\u0119 gydytojas gali taikyti pa\u017eeist\u0173 dant\u0173 kiet\u0173j\u0173 audini\u0173 atstatym\u0105 \u00a0restauracine med\u017eiaga- plomba.<\/p><h2><strong>Kaip vyksta danties gydymas?<\/strong><\/h2><p>Pa\u0161alinami pa\u017eeisti danties audiniai (kariesas) ir plombin\u0117mis med\u017eiagomis atkuriama prarasta danties anatomij\u0105 ir funkcij\u0105. Jei karieso pa\u017eeisti defektai labai gil\u016bs, yra u\u017edegimin\u0117 dantyje esan\u010dios nervo simptomatika gali b\u016bti taikomas dant\u0173 \u0161akn\u0173 kanal\u0173 gydymas, atliekamas j\u0173 plombavimas.<\/p><h2><strong>Kada J\u016bs\u0173 dantims\u00a0 reikalingas terapinis gydymas?<\/strong><\/h2><p>Da\u017eniausia prie\u017eastis d\u0117l kurios pacientai kreipiasi \u012f specialistus \u2013 dant\u0173 kariesas, kitaip vadinamas dant\u0173 \u0117duonimi. Ne paslaptis, kad besikaupian\u010dios apna\u0161as, ant dant\u0173 pavir\u0161iaus, gali b\u016bti pavojingas burnos sveikatai. B\u016btent dant\u0173 apna\u0161ose esantys mikroorganizmai gamina r\u016bg\u0161tis, kurios pasiekusios emal\u012f, j\u012f demineralizuoja- sumink\u0161tina, j\u012f pa\u017eeid\u017eia.\u00a0 \u0160iam procesui t\u0119siantis ilg\u0105 laik\u0105 dant\u0173 pavir\u0161iuje atsiranda ertm\u0117s.<\/p><h2><strong>Kod\u0117l taip \u012fvyksta?<\/strong><\/h2><p>Palaipsniui vykstant demineralizacijai (mineralini\u0173 med\u017eiag\u0173 netekimui) danties kietieji audiniai mink\u0161t\u0117ja, o neatlaik\u0119 kramtymo metu tenkan\u010dio spaudimo \u012fl\u016b\u017eta \u2013 atsiranda ertm\u0117. Mikroorganizmai patek\u0119 \u012f danties audinius i\u0161skiria toksinus, r\u016bg\u0161tis ir procesui t\u0119siantis pa\u017eeid\u017eiamas danties nervas, tuomet paprasto plombavimo nebeu\u017etenka. Tod\u0117l nedelskite, nes geriausias gydymas \u2013 reguliari profilaktika.<\/p><h2><strong>Kaip atpa\u017einti dant\u0173 karies\u0105?<\/strong><\/h2><p>Dant\u0173 karies\u0105 pasteb\u0117ti nesunku \u2013 vienas akivaizd\u017eiausi\u0173 simptom\u0173 \u2013 skausmas, ypa\u010d paa\u0161tr\u0117jantis valgant \u0161alt\u0105, sald\u0173 maist\u0105. Taip pat pravartu steb\u0117ti dant\u0173 pavir\u0161iuje atsiradusias d\u0117mes (baltas, rudas) ar skylutes, esant kariesui, atsiranda ir prastas burnos kvapas. Vos pasteb\u0117jus galimus simptomus b\u016btina kreiptis \u012f odontolog\u0105 \u2013 taip u\u017ekirsite keli\u0105 rimtesniems susirgimams, gal\u0117site i\u0161spr\u0119sti i\u0161kilusias problemas kaip \u012fmanoma neskausmingesniu b\u016bdu, tausosite danties audinius ir sutaupysite.<\/p><h2><strong>Kod\u0117l atsiranda dant\u0173 \u0117duonis?<\/strong><\/h2><p>\u0116duonis atsiranda sunkiai prieinamose vietose, kuri\u0173 nepavyksta i\u0161valyti dant\u0173 \u0161epet\u0117liu: tarpdan\u010diai, nelyg\u016bs kramtomieji pavir\u0161iai. Tod\u0117l rekomenduojama burnos ertm\u0117s prie\u017ei\u016brai naudoti dant\u0173 si\u016bl\u0105 ir reguliariai atlikti profesionali\u0105 burnos higien\u0105.<\/p><h2><strong>Kas nutinka delsiant kreiptis \u012f specialist\u0105 ir laiku negydant dant\u0173 karieso?<\/strong><\/h2><p>Progresuojantis kariesas gali sukelti danties nervo pa\u017eeidimus: u\u017edegim\u0105, v\u0117liau pulpos nekroz\u0119 ir\u00a0 vir\u0161\u016bnin\u012f periodontit\u0105, formuojasi taip vadinamas p\u016blinys. \u012evykus \u0161ioms komplikacijoms paprastas plombavimas pad\u0117ti jau nebegali \u2013 tokiais atvejais reikalingas sud\u0117tingas dant\u0173 \u0161akn\u0173 kanal\u0173 gydymas. Kurio metu netenkamas ne tik didelis danties audini\u0173 kiekis, dantis tampa \u017eenkliai silpnesnis. Da\u017enai \u00a0po tokio ilgo ir sud\u0117tingo gydymo reikalingas danties protezavimas, tai yra gaminamas\u00a0 danties vainik\u0117lis. Gydymo i\u0161laidos padid\u0117ja kelis kartus palyginus su nedidelio karieso gydymu.<\/p><h2><strong>Kaip kinta gydymo kaina jei delsiama kreiptis \u012f specialist\u0105?<\/strong><\/h2><p>Esant dideliems danties vainiko defektams gydymo kaina did\u0117ja, nes did\u0117ja darbo apimtis, gydymas sud\u0117tingas, reikalaujantis daugelio vizit\u0173 pas odontolog\u0105. Gydomi danties \u0161aknies kanalai, dantis atstatomas tam tinkamomis med\u017eiagomis, da\u017enai po tokio gydymo dantis protezuojamas vainik\u0117liu. Esant labai dideliems danties vainiko, \u0161aknies pa\u017eeidimams gali tekti dant\u012f \u0161alinti ir atsiradus\u012f defekt\u0105 atstatyti implantuojant. Tad delsiant gydyti danties karies\u0105, gydymo kain\u0105 gali kisti 15 ar net 30 kart\u0173.<\/p><h2><strong>Kas nustatoma profilaktin\u0117s ap\u017ei\u016bros metu?<\/strong><\/h2><p>Nustatoma, koks gydymas bus reikalingas. Terapinio gydymo metu, \u0161alinami karieso pa\u017eeisti audiniai, ertm\u0117 dezinfekuojama ir ruo\u0161iama plombuoti. Plombavimui naudojamos med\u017eiagos individualiai pritaikomos, atsi\u017evelgiant \u012f danties b\u016bkl\u0119, ertm\u0117s dyd\u012f, danties spalv\u0105.<\/p><h2><strong>Ar dant\u0173 kariesas yra paveldimas?<\/strong><\/h2><p>Paveldimos gali b\u016bti s\u0105lygos, kurios didina karieso atsiradimo rizik\u0105: dant\u0173 susigr\u016bdimas, dant\u0173 audinio silpnumas, seili\u0173 sud\u0117tis, seil\u0117tekio greitis, seili\u0173 kiekio suma\u017e\u0117jimas ar j\u0173 tr\u016bkumas (kserostomija), sistemin\u0117s organizmo ligos, maitinimosi \u012fpro\u010diai. Ta\u010diau, gera individuali bei nuolatin\u0117 profesionali burnos higiena ir kokybi\u0161kos odontologin\u0117s paslaugos u\u017etikrins sveikus dantis.<\/p><h2><strong>Kod\u0117l jau\u010diu danties jautrum\u0105 po plombavimo?<\/strong><\/h2><p>Pooperacinis jautrumas da\u017enas, kuomet buvo gydyti tarpdan\u010diai. Plombavimo metu naudojamos metalin\u0117s juostel\u0117s tarpdan\u010dio formavimui, siekiant i\u0161vengti \u201ckaban\u010di\u0173 plomb\u0173\u201d ir norint, kad nelikt\u0173 plombos liku\u010di\u0173, ant kuri\u0173 gali kauptis dant\u0173 apna\u0161os, plombos poliruojamos deimantin\u0117mis juostel\u0117mis, d\u0117l \u0161i\u0173 proced\u016br\u0173 pa\u017eeid\u017eiamos dantenos, kurios ir gali b\u016bti jautrumo prie\u017eastis. Tai nurimsta per pirmas paras po gydymo savaime.<\/p><h2><strong>Kod\u0117l mano dantys tapo jautr\u016bs danten\u0173 srityje?<\/strong><\/h2><p>Jau\u010diate jautrum\u0105 ir skausm\u0105 \u012fkv\u0117p\u0119 \u0161alto oro? Atsig\u0117r\u0119 \u0161alt\u0173 g\u0117rim\u0173 ir skausmas lokalizuojasi visai \u0161alia danten\u0173? Tai gali b\u016bti d\u0117l plei\u0161tini\u0173 defekt\u0173, kurie yra itin jautr\u016bs tokio tipo dirginimui.<\/p><h2><strong>Kas yra plei\u0161tinis defektas?<\/strong><\/h2><p>Tai yra nekariozin\u0117s kelis gretimus arba visus dantis. kilm\u0117s danties kiet\u0173j\u0173 audini\u0173 defektai, jie susidaro veikiant per stiprioms \u0161onin\u0117ms j\u0117goms kramtant ar turint \u012fprot\u012f stipriai suk\u0105sti dantis. Pa\u017eeidimai atsiranda ties emalio \u2013 cemento jungtimi. Danties kiet\u0173j\u0173 audini\u0173 netenkame toje vietoje, kur danties vainikas pereina \u012f \u0161akn\u012f. Plei\u0161tiniai dant\u0173 defektai gali pa\u017eeisti vien\u0105, kelis ar net visus dantis.<\/p><h2><strong>Kaip gydomi plei\u0161tiniai defektai?<\/strong><\/h2><p>Vertinama bendra burnos b\u016bkl\u0117, dant\u0173 eili\u0173 defektai , tikrinamas sukandimas,\u00a0 protezuot\u0173 dant\u0173 b\u016bkl\u0117, jei j\u0173 yra burnoje, i\u0161siai\u0161kinami paciento dant\u0173 valymo \u012fpro\u010diai. Nusta\u010dius plei\u0161tini\u0173 defekt\u0173 atsiradimo prie\u017east\u012f yra parenkamas gydymas. Jeigu plei\u0161tini\u0173 defekt\u0173 atsiradimo prie\u017eastis yra dant\u0173 netekimas \u2013 b\u016btinas j\u0173 atstatymas, kad b\u016bt\u0173 tinkamai paskirstomas kramtymo kr\u016bvis. Jei manoma, kad defektas i\u0161sivyst\u0117 d\u0117l netaisyklingo s\u0105kand\u017eio \u2013 rekomenduojama ortodonto konsultacija. I\u0161siai\u0161kinus, jog pacientas, netaisyklingais judesiais, kietu dant\u0173 \u0161epet\u0117liu valo dantis yra koreguojami paciento dant\u0173 valymo \u012fpro\u010diai, pacientas apmokomas teisingai valyti dantis, parenkamos tinkamos individualios burnos higienos priemon\u0117s.<\/p><p>Pa\u0161alinus prie\u017eastin\u012f veiksn\u012f, defektai ne visada\u00a0 atstatomi, nebent, kai yra danties jautrumas ar defektas estetin\u0117je priekini\u0173 dant\u0173 zonoje.<\/p>\n\t\t\t\t\t<\/div>\n\t\t\t\t\t\t<\/div>\n\t\t\t\t<\/div>\n\t\t\t\t<\/div>\n\t\t<div class=\"elementor-element elementor-element-a01c4c2 e-con-full e-flex e-con e-child\" data-id=\"a01c4c2\" data-element_type=\"container\" data-e-type=\"container\">\n\t\t\t\t<div class=\"elementor-element elementor-element-774ad4c make-sticky elementor-widget elementor-widget-wd_mega_menu\" data-id=\"774ad4c\" data-element_type=\"widget\" data-e-type=\"widget\" data-widget_type=\"wd_mega_menu.default\">\n\t\t\t\t<div class=\"elementor-widget-container\">\n\t\t\t\t\t\t\t\t<link rel=\"stylesheet\" id=\"wd-mod-nav-vertical-css\" href=\"https:\/\/odontologijosklinika.eu\/plunge\/wp-content\/themes\/woodmart\/css\/parts\/mod-nav-vertical.min.css?ver=7.5.2\" type=\"text\/css\" media=\"all\" \/> \t\t\t\t\t\t<link rel=\"stylesheet\" id=\"wd-mod-nav-vertical-design-with-bg-css\" href=\"https:\/\/odontologijosklinika.eu\/plunge\/wp-content\/themes\/woodmart\/css\/parts\/mod-nav-vertical-design-with-bg.min.css?ver=7.5.2\" type=\"text\/css\" media=\"all\" \/> \t\t\t\t\t\t<link rel=\"stylesheet\" id=\"wd-widget-nav-mega-menu-css\" href=\"https:\/\/odontologijosklinika.eu\/plunge\/wp-content\/themes\/woodmart\/css\/parts\/widget-nav-mega-menu.min.css?ver=7.5.2\" type=\"text\/css\" media=\"all\" \/> \t\t\t\t\t<div class=\"widget_nav_mega_menu\">\n\t\t\t\t\t\t\t<h5 class=\"widget-title color-scheme-dark\">\n\t\t\t\t\tM\u016bs\u0173 klinikos paslaugos\t\t\t\t<\/h5>\n\t\t\t\t\t\t<ul id=\"menu-paslaugos\" class=\"menu wd-nav wd-nav-vertical wd-design-with-bg wd-gap- wd-icon-left\"><li id=\"menu-item-630\" class=\"menu-item menu-item-type-post_type menu-item-object-page menu-item-630 item-level-0 menu-simple-dropdown wd-event-hover\" ><a href=\"https:\/\/odontologijosklinika.eu\/plunge\/paslaugos\/terapinis-dantu-gydymas\/\" class=\"woodmart-nav-link\"><span class=\"nav-link-text\">Terapinis dant\u0173 gydymas<\/span><\/a><\/li>\n<li id=\"menu-item-631\" class=\"menu-item menu-item-type-post_type menu-item-object-page menu-item-631 item-level-0 menu-simple-dropdown wd-event-hover\" ><a href=\"https:\/\/odontologijosklinika.eu\/plunge\/paslaugos\/vaiku-dantu-gydymas\/\" class=\"woodmart-nav-link\"><span class=\"nav-link-text\">Vaik\u0173 dant\u0173 gydymas<\/span><\/a><\/li>\n<li id=\"menu-item-623\" class=\"menu-item menu-item-type-post_type menu-item-object-page menu-item-623 item-level-0 menu-simple-dropdown wd-event-hover\" ><a href=\"https:\/\/odontologijosklinika.eu\/plunge\/paslaugos\/implantacija\/\" class=\"woodmart-nav-link\"><span class=\"nav-link-text\">Dant\u0173 implantavimas Plung\u0117je<\/span><\/a><\/li>\n<li id=\"menu-item-621\" class=\"menu-item menu-item-type-post_type menu-item-object-page menu-item-621 item-level-0 menu-simple-dropdown wd-event-hover\" ><a href=\"https:\/\/odontologijosklinika.eu\/plunge\/paslaugos\/estetinis-plombavimas\/\" class=\"woodmart-nav-link\"><span class=\"nav-link-text\">Estetinis plombavimas<\/span><\/a><\/li>\n<li id=\"menu-item-620\" class=\"menu-item menu-item-type-post_type menu-item-object-page menu-item-620 item-level-0 menu-simple-dropdown wd-event-hover\" ><a href=\"https:\/\/odontologijosklinika.eu\/plunge\/paslaugos\/endodontinis-gydymas\/\" class=\"woodmart-nav-link\"><span class=\"nav-link-text\">Endodontinis Gydymas<\/span><\/a><\/li>\n<li id=\"menu-item-629\" class=\"menu-item menu-item-type-post_type menu-item-object-page menu-item-629 item-level-0 menu-simple-dropdown wd-event-hover\" ><a href=\"https:\/\/odontologijosklinika.eu\/plunge\/paslaugos\/protezavimas\/\" class=\"woodmart-nav-link\"><span class=\"nav-link-text\">Protezavimas<\/span><\/a><\/li>\n<li id=\"menu-item-626\" class=\"menu-item menu-item-type-post_type menu-item-object-page menu-item-626 item-level-0 menu-simple-dropdown wd-event-hover\" ><a href=\"https:\/\/odontologijosklinika.eu\/plunge\/paslaugos\/ortodontijos-paslaugos\/\" class=\"woodmart-nav-link\"><span class=\"nav-link-text\">Lazerio proced\u016bros<\/span><\/a><\/li>\n<li id=\"menu-item-618\" class=\"menu-item menu-item-type-post_type menu-item-object-page menu-item-618 item-level-0 menu-simple-dropdown wd-event-hover\" ><a href=\"https:\/\/odontologijosklinika.eu\/plunge\/paslaugos\/burnos-chirurgija\/\" class=\"woodmart-nav-link\"><span class=\"nav-link-text\">Burnos chirurgija<\/span><\/a><\/li>\n<li id=\"menu-item-624\" class=\"menu-item menu-item-type-post_type menu-item-object-page menu-item-624 item-level-0 menu-simple-dropdown wd-event-hover\" ><a href=\"https:\/\/odontologijosklinika.eu\/plunge\/paslaugos\/kompleksinis-periodonto-gydymas\/\" class=\"woodmart-nav-link\"><span class=\"nav-link-text\">Kompleksinis periodonto gydymas<\/span><\/a><\/li>\n<li id=\"menu-item-628\" class=\"menu-item menu-item-type-post_type menu-item-object-page menu-item-628 item-level-0 menu-simple-dropdown wd-event-hover\" ><a href=\"https:\/\/odontologijosklinika.eu\/plunge\/paslaugos\/profesionali-burnos-higiena\/\" class=\"woodmart-nav-link\"><span class=\"nav-link-text\">Profesionali burnos higiena<\/span><\/a><\/li>\n<li id=\"menu-item-619\" class=\"menu-item menu-item-type-post_type menu-item-object-page menu-item-619 item-level-0 menu-simple-dropdown wd-event-hover\" ><a href=\"https:\/\/odontologijosklinika.eu\/plunge\/paslaugos\/dantu-balinimas-spalvos-korekcija\/\" class=\"woodmart-nav-link\"><span class=\"nav-link-text\">Dant\u0173 balinimas \u2013 spalvos korekcija<\/span><\/a><\/li>\n<li id=\"menu-item-622\" class=\"menu-item menu-item-type-post_type menu-item-object-page menu-item-622 item-level-0 menu-simple-dropdown wd-event-hover\" ><a href=\"https:\/\/odontologijosklinika.eu\/plunge\/paslaugos\/gydymas-taikant-sedacija\/\" class=\"woodmart-nav-link\"><span class=\"nav-link-text\">Gydymas taikant sedacij\u0105<\/span><\/a><\/li>\n<li id=\"menu-item-625\" class=\"menu-item menu-item-type-post_type menu-item-object-page menu-item-625 item-level-0 menu-simple-dropdown wd-event-hover\" ><a href=\"https:\/\/odontologijosklinika.eu\/plunge\/paslaugos\/lazerio-proceduros\/\" class=\"woodmart-nav-link\"><span class=\"nav-link-text\">Lazerio proced\u016bros<\/span><\/a><\/li>\n<li id=\"menu-item-627\" class=\"menu-item menu-item-type-post_type menu-item-object-page menu-item-627 item-level-0 menu-simple-dropdown wd-event-hover\" ><a href=\"https:\/\/odontologijosklinika.eu\/plunge\/paslaugos\/ozono-terapija\/\" class=\"woodmart-nav-link\"><span class=\"nav-link-text\">Ozono terapija<\/span><\/a><\/li>\n<li id=\"menu-item-617\" class=\"menu-item menu-item-type-post_type menu-item-object-page menu-item-617 item-level-0 menu-simple-dropdown wd-event-hover\" ><a href=\"https:\/\/odontologijosklinika.eu\/plunge\/paslaugos\/3d-kompiuterine-tomografija\/\" class=\"woodmart-nav-link\"><span class=\"nav-link-text\">3D kompiuterin\u0117 tomografija<\/span><\/a><\/li>\n<\/ul>\t\t<\/div>\n\t\t\t\t\t\t<\/div>\n\t\t\t\t<\/div>\n\t\t\t\t<\/div>\n\t\t\t\t\t<\/div>\n\t\t\t\t<\/div>\n\t\t\t\t<\/div>\n\t\t","protected":false},"excerpt":{"rendered":"<p>IK odontologijos klinikoje atliekamas\u00a0terapinis dant\u0173 gydymas: profilaktin\u0117 dant\u0173 ap\u017ei\u016bra, bendras burnos sveikatos \u012fvertinimas, gydymo plano sudarymas, karieso ir jo komplikacij\u0173<\/p>\n","protected":false},"author":1,"featured_media":0,"parent":471,"menu_order":0,"comment_status":"closed","ping_status":"closed","template":"","meta":{"_acf_changed":false,"footnotes":""},"class_list":["post-474","page","type-page","status-publish","hentry"],"acf":[],"_links":{"self":[{"href":"https:\/\/odontologijosklinika.eu\/plunge\/wp-json\/wp\/v2\/pages\/474","targetHints":{"allow":["GET"]}}],"collection":[{"href":"https:\/\/odontologijosklinika.eu\/plunge\/wp-json\/wp\/v2\/pages"}],"about":[{"href":"https:\/\/odontologijosklinika.eu\/plunge\/wp-json\/wp\/v2\/types\/page"}],"author":[{"embeddable":true,"href":"https:\/\/odontologijosklinika.eu\/plunge\/wp-json\/wp\/v2\/users\/1"}],"replies":[{"embeddable":true,"href":"https:\/\/odontologijosklinika.eu\/plunge\/wp-json\/wp\/v2\/comments?post=474"}],"version-history":[{"count":0,"href":"https:\/\/odontologijosklinika.eu\/plunge\/wp-json\/wp\/v2\/pages\/474\/revisions"}],"up":[{"embeddable":true,"href":"https:\/\/odontologijosklinika.eu\/plunge\/wp-json\/wp\/v2\/pages\/471"}],"wp:attachment":[{"href":"https:\/\/odontologijosklinika.eu\/plunge\/wp-json\/wp\/v2\/media?parent=474"}],"curies":[{"name":"wp","href":"https:\/\/api.w.org\/{rel}","templated":true}]}}